ghest common divisor of 51 and 12291?
51
What is the greatest common factor of 2 and 66?
2
What is the highest common divisor of 48 and 228?
12
Calculate the highest common divisor of 1599 and 39.
39
Calculate the highest common divisor of 25 and 1.
1
Calculate the greatest common divisor of 169 and 117.
13
What is the highest common divisor of 1 and 25?
1
Calculate the highest common factor of 1976 and 520.
104
What is the highest common divisor of 224 and 14672?
112
What is the highest common divisor of 301 and 21?
7
Calculate the highest common divisor of 14 and 14.
14
What is the highest common divisor of 135 and 441?
9
What is the greatest common factor of 806 and 234?
26
Calculate the greatest common factor of 20 and 30.
10
What is the highest common divisor of 4961 and 121?
121
Calculate the greatest common divisor of 1919 and 202.
101
Calculate the greatest common divisor of 30 and 490.
10
Calculate the highest common factor of 145 and 29.
29
What is the highest common factor of 13830 and 5?
5
What is the highest common divisor of 434 and 14?
14
Calculate the highest common factor of 56 and 182.
14
Calculate the greatest common divisor of 1505 and 559.
43
What is the highest common divisor of 21 and 17724?
21
What is the greatest common factor of 12 and 876?
12
What is the highest common factor of 5248 and 41?
41
Calculate the highest common factor of 5408 and 288.
32
What is the highest common divisor of 512 and 320?
64
What is the highest common divisor of 40 and 3?
1
Calculate the greatest common divisor of 7 and 203.
7
What is the greatest common divisor of 2331 and 4403?
259
Calculate the greatest common factor of 500 and 80.
20
Calculate the greatest common factor of 297 and 99.
99
What is the greatest common factor of 288 and 1056?
96
Calculate the highest common factor of 3273 and 3.
3
Calculate the greatest common divisor of 430 and 10.
10
Calculate the greatest common factor of 2312 and 34.
34
Calculate the greatest common factor of 88 and 1188.
44
What is the greatest common divisor of 69 and 9?
3
What is the highest common divisor of 5 and 905?
5
What is the highest common divisor of 2517 and 3?
3
What is the highest common divisor of 783 and 621?
27
What is the highest common factor of 6365 and 95?
95
Calculate the highest common factor of 782 and 34.
34
Calculate the greatest common factor of 78 and 260.
26
What is the greatest common divisor of 1207 and 213?
71
Calculate the highest common divisor of 70 and 50.
10
Calculate the greatest common divisor of 1 and 4783.
1
What is the greatest common factor of 2268 and 56?
28
What is the highest common factor of 162 and 738?
18
Calculate the highest common factor of 869 and 158.
79
What is the highest common divisor of 133 and 9576?
133
What is the greatest common factor of 15 and 55?
5
Calculate the highest common divisor of 170 and 30.
10
Calculate the highest common divisor of 29 and 36627.
29
What is the greatest common divisor of 215 and 4?
1
What is the highest common divisor of 3648 and 114?
114
Calculate the greatest common divisor of 222 and 1406.
74
What is the greatest common divisor of 44 and 363?
11
Calculate the greatest common divisor of 48 and 5184.
48
What is the highest common factor of 118 and 531?
59
Calculate the greatest common factor of 2 and 667.
1
What is the greatest common factor of 38 and 57?
19
What is the highest common divisor of 20458 and 530?
106
What is the highest common divisor of 21 and 4137?
21
What is the greatest common divisor of 75 and 135?
15
What is the greatest common divisor of 7 and 3227?
7
Calculate the greatest common factor of 2947 and 14.
7
What is the highest common divisor of 4154 and 31?
31
What is the greatest common factor of 3660 and 40?
20
Calculate the greatest common divisor of 2 and 4.
2
What is the greatest common divisor of 2109 and 57?
57
Calculate the highest common factor of 69 and 6509.
23
Calculate the highest common divisor of 2748 and 132.
12
Calculate the greatest common divisor of 711 and 158.
79
What is the highest common divisor of 121 and 165?
11
Calculate the greatest common factor of 110 and 4070.
110
Calculate the highest common divisor of 90 and 2466.
18
Calculate the highest common divisor of 2736 and 4.
4
What is the highest common divisor of 86 and 1935?
43
What is the greatest common factor of 945 and 1125?
45
Calculate the greatest common factor of 16 and 64.
16
What is the greatest common divisor of 1285 and 5?
5
Calculate the highest common factor of 30 and 41190.
30
Calculate the greatest common divisor of 54 and 126.
18
Calculate the greatest common factor of 15 and 7.
1
Calculate the greatest common divisor of 360 and 40.
40
What is the highest common factor of 396 and 3?
3
Calculate the highest common factor of 1643 and 403.
31
Calculate the greatest common factor of 495 and 165.
165
What is the greatest common factor of 897 and 195?
39
What is the greatest common factor of 756 and 2436?
84
What is the greatest common factor of 127 and 30607?
127
What is the greatest common factor of 14 and 1057?
7
Calculate the greatest common factor of 20 and 8.
4
What is the greatest common divisor of 1848 and 144?
24
What is the greatest common factor of 24 and 150?
6
What is the greatest common divisor of 3 and 495?
3
What is the greatest common divisor of 2720 and 360?
40
What is the highest common divisor of 78 and 4160?
26
Calculate the highest common factor of 323 and 19.
19
Calculate the greatest common factor of 205 and 2706.
41
Calculate the greatest common divisor of 363 and 132.
33
What is the highest common factor of 2265 and 302?
151
Calculate the greatest common divisor of 99 and 9141.
33
What is the greatest common factor of 242 and 330?
22
What is the highest common factor of 91 and 119?
7
Calculate the highest common factor of 3 and 1461.
3
What is the highest common divisor of 690 and 4278?
138
Calculate the highest common factor of 166 and 5063.
83
What is the greatest common factor of 286 and 22?
22
What is the greatest common factor of 6307 and 119?
119
What is the greatest common factor of 89 and 356?
89
What is the greatest common divisor of 1325 and 75?
25
What is the highest common factor of 112 and 154?
14
Calculate the greatest common factor of 1968 and 24.
24
Calculate the highest common divisor of 30852 and 36.
36
What is the highest common divisor of 608 and 38?
38
Calculate the greatest common factor of 2652 and 1105.
221
Calculate the greatest common divisor of 83424 and 6.
6
What is the highest common divisor of 240 and 560?
80
What is the highest common divisor of 208 and 32?
16
What is the greatest common divisor of 756 and 9324?
252
Calculate the greatest common factor of 510 and 3.
3
Calculate the highest common factor of 5000 and 8.
8
What is the greatest common factor of 138 and 24?
6
What is the greatest common divisor of 1841 and 7?
7
Calculate the greatest common divisor of 296 and 24.
8
What is the highest common factor of 4 and 68?
4
What is the greatest common factor of 396 and 30?
6
Calculate the highest common factor of 40 and 88.
8
What is the highest common divisor of 1136 and 272?
16
What is the greatest common divisor of 75 and 25950?
75
What is the highest common factor of 16276 and 208?
52
Calculate the highest common factor of 1304 and 8.
8
Calculate the highest common factor of 132 and 48.
12
What is the greatest common factor of 520 and 40?
40
What is the highest common factor of 34 and 1802?
34
Calculate the highest common divisor of 60 and 192.
12
What is the greatest common divisor of 12 and 2388?
12
What is the highest common divisor of 1936 and 506?
22
Calculate the highest common factor of 44 and 512.
4
What is the highest common factor of 969 and 57?
57
Calculate the highest common divisor of 54 and 270.
54
What is the highest common divisor of 44 and 638?
22
Calculate the greatest common divisor of 54 and 2646.
54
Calculate the greatest common divisor of 330 and 1045.
55
What is the highest common factor of 1225 and 2695?
245
Calculate the greatest common divisor of 828 and 184.
92
What is the greatest common divisor of 6 and 33?
3
What is the greatest common factor of 1384 and 8?
8
Calculate the highest common divisor of 80 and 3440